the hundred thousands digit of 145346419?
3
What is the hundred thousands digit of 1160001103?
0
What is the units digit of 49992625?
5
What is the millions digit of 4611976757?
1
What is the ten thousands digit of 306666493?
6
What is the hundreds digit of 37725154?
1
What is the millions digit of 4884570636?
4
What is the hundred thousands digit of 760982846?
9
What is the ten thousands digit of 2260542977?
4
What is the units digit of 275405034?
4
What is the hundred millions digit of 1554540227?
5
What is the thousands digit of 1193008588?
8
What is the tens digit of 553531006?
0
What is the tens digit of 8107813?
1
What is the tens digit of 15525771?
7
What is the ten thousands digit of 7100779?
0
What is the ten thousands digit of 13206153?
0
What is the millions digit of 74142985?
4
What is the tens digit of 438965109?
0
What is the tens digit of 924662704?
0
What is the hundreds digit of 56352186?
1
What is the ten thousands digit of 282598410?
9
What is the tens digit of 3427433528?
2
What is the units digit of 4008522507?
7
What is the tens digit of 756988?
8
What is the units digit of 591091226?
6
What is the tens digit of 1499003148?
4
What is the ten thousands digit of 410141055?
4
What is the ten thousands digit of 1126193457?
9
What is the ten millions digit of 376308433?
7
What is the hundred thousands digit of 883107440?
1
What is the ten millions digit of 2288718536?
8
What is the hundred thousands digit of 31105148?
1
What is the tens digit of 748789962?
6
What is the units digit of 84073011?
1
What is the tens digit of 395411356?
5
What is the units digit of 68924930?
0
What is the units digit of 102450028?
8
What is the hundreds digit of 389321925?
9
What is the ten thousands digit of 15117235?
1
What is the hundreds digit of 127607403?
4
What is the tens digit of 30858263?
6
What is the hundred millions digit of 160562401?
1
What is the ten thousands digit of 335830043?
3
What is the units digit of 18841279?
9
What is the tens digit of 188248297?
9
What is the thousands digit of 747936706?
6
What is the ten millions digit of 144865239?
4
What is the millions digit of 6804071?
6
What is the ten thousands digit of 445228369?
2
What is the hundred thousands digit of 768035410?
0
What is the hundred millions digit of 1063834744?
0
What is the hundred millions digit of 1049877476?
0
What is the hundred thousands digit of 87287172?
2
What is the hundred thousands digit of 33427428?
4
What is the hundred millions digit of 449221605?
4
What is the tens digit of 5064904854?
5
What is the thousands digit of 1314166482?
6
What is the billions digit of 1826513299?
1
What is the hundred thousands digit of 113045411?
0
What is the thousands digit of 86149583?
9
What is the thousands digit of 1273799898?
9
What is the hundred thousands digit of 338812237?
8
What is the hundreds digit of 760847576?
5
What is the hundreds digit of 250584414?
4
What is the hundred millions digit of 823023813?
8
What is the ten thousands digit of 276002796?
0
What is the millions digit of 310908108?
0
What is the ten millions digit of 260976371?
6
What is the ten thousands digit of 30371021?
7
What is the units digit of 2070062768?
8
What is the tens digit of 8127816?
1
What is the ten millions digit of 5604390984?
0
What is the ten millions digit of 342437235?
4
What is the ten millions digit of 60235942?
6
What is the ten thousands digit of 1161039?
6
What is the units digit of 910828663?
3
What is the units digit of 158938475?
5
What is the thousands digit of 512486605?
6
What is the thousands digit of 1356418527?
8
What is the ten thousands digit of 84786913?
8
What is the tens digit of 523224871?
7
What is the hundreds digit of 5467951?
9
What is the units digit of 780117339?
9
What is the ten millions digit of 19037898?
1
What is the tens digit of 27074203?
0
What is the hundred thousands digit of 4062438079?
4
What is the hundred thousands digit of 110316413?
3
What is the units digit of 496153021?
1
What is the thousands digit of 9993456?
3
What is the units digit of 327607926?
6
What is the tens digit of 104717526?
2
What is the ten thousands digit of 221121303?
2
What is the ten millions digit of 22274307?
2
What is the millions digit of 7750313?
7
What is the tens digit of 134391385?
8
What is the units digit of 504138152?
2
What is the hundred thousands digit of 155727558?
7
What is the hundreds digit of 674387794?
7
What is the hundred thousands digit of 42964424?
9
What is the ten millions digit of 26994951?
2
What is the tens digit of 5559303789?
8
What is the hundreds digit of 1591244612?
6
What is the thousands digit of 107023171?
3
What is the millions digit of 42865836?
2
What is the hundred thousands digit of 536101784?
1
What is the tens digit of 165767059?
5
What is the ten millions digit of 127197047?
2
What is the units digit of 64490551?
1
What is the hundred thousands digit of 109812201?
8
What is the hundreds digit of 23190023?
0
What is the tens digit of 26552608?
0
What is the hundred millions digit of 403962199?
4
What is the tens digit of 6047127831?
3
What is the ten thousands digit of 4598769248?
6
What is the units digit of 510310836?
6
What is the units digit of 928243080?
0
What is the hundred millions digit of 2761416949?
7
What is the ten millions digit of 28895027?
2
What is the tens digit of 81335893?
9
What is the tens digit of 43958122?
2
What is the millions digit of 3910207889?
0
What is the tens digit of 80196003?
0
What is the ten thousands digit of 196279420?
7
What is the millions digit of 214436423?
4
What is the ten thousands digit of 1423598023?
9
What is the units digit of 100290833?
3
What is the hundred thousands digit of 490753165?
7
What is the hundred thousands digit of 286741449?
7
What is the hundreds digit of 510170456?
4
What is the hundred millions digit of 7627381342?
6
What is the ten thousands digit of 66449166?
4
What is the hundred millions digit of 364040100?
3
What is the hundred millions digit of 228210016?
2
What is the tens digit of 80570628?
2
What is the thousands digit of 926785426?
5
What is the units digit of 305852671?
1
What is the ten millions digit of 3830712397?
3
What is the ten millions digit of 150848369?
5
What is the thousands digit of 70950186?
0
What is the millions digit of 1985315811?
5
What is the thousands digit of 469334639?
4
What is the billions digit of 2152693109?
2
What is the units digit of 2314571942?
2
What is the hundred millions digit of 169778821?
1
What is the tens digit of 452723257?
5
What is the hundred thousands digit of 235353074?
3
What is the units digit of 546246407?
7
What is the units digit of 186724648?
8
What is the tens digit of 411128009?
0
What is the tens digit of 156358238?
3
What is the hundred thousands digit of 341265934?
2
What is the ten thousands digit of 45714430?
1
What is the hundred millions digit of 313448732?
3
What is the millions digit of 44233176?
4
What is the tens digit of 240293136?
3
What is the millions digit of 258061119?
8
What is the hundred thousands digit of 189220455?
2
What is the ten thousands digit of 50079890?
7
What is the tens digit of 713534276?
7
What is the millions digit of 2411566190?
1
What is the thousands digit of 144586445?
6
What is the hundred thousands digit of 107999222?
9
What is the ten thousands digit of 59206230?
0
What is the hundred millions digit of 123434289?
1
What is the thousands digit of 68862511?
2
What is the units digit of 142348333?
3
What is the units digit of 3120088951?
1
What is the thousands digit of 2356859205?
9
What is the millions digit of 26418802?
6
What is the hundreds digit of 68295548?
5
What is the millions digit of 24588456?
4
What is the thousands digit of 541731702?
1
What is the millions digit of 91287926?
1
What is the units digit of 348138344?
4
What is the hundred thousands digit of 12277133?
2
What is the ten millions digit of 141146878?
4
What is the hundred millions digit of 2271296706?
2
What is the thousands digit of 202698179?
8
What is the hundred thousands digit of 64813547?
8
What is the tens digit of 258318709?
0
What is the tens digit of 99690761?
6
What is the millions digit of 23800618?
3
What is the ten millions digit of 1827948784?
2
W